{"id":114,"date":"2020-04-14T11:19:34","date_gmt":"2020-04-14T11:19:34","guid":{"rendered":"http:\/\/hzd54.lodzka.zhp.pl\/?page_id=114"},"modified":"2020-05-07T10:43:48","modified_gmt":"2020-05-07T10:43:48","slug":"zywioly","status":"publish","type":"page","link":"https:\/\/hzd54.piotrkow.zhp.pl\/?page_id=114","title":{"rendered":"\u017bywio\u0142y"},"content":{"rendered":"\n<h4 class=\"wp-block-heading\">Czuwaj jeste\u015bmy <strong><span class=\"has-inline-color has-vivid-red-color\">54 Piotrkowsk\u0105 dru\u017cyn\u0105 harcersk\u0105 \u017bywio\u0142y im. Andrzeja Romockiego &#8222;MORRO<\/span><\/strong>&#8222;, je\u017celi chcesz prze\u017cy\u0107 niesamowit\u0105 harcersk\u0105 przygod\u0119 i znale\u017a\u0107 wspania\u0142ych przyjaci\u00f3\u0142 to zapraszamy Ci\u0119 w ka\u017cd\u0105 sobot\u0119 o godz 9,30 do naszej harc\u00f3wki na ul Wysokiej.<\/h4>\n\n\n\n<p>\u017bywio\u0142y powsta\u0142y w 2011 roku. Wywodz\u0105 si\u0119 z dw\u00f3ch dru\u017cyn Burza i P\u0142omienie. Pierwsz\u0105 dru\u017cynow\u0105 \u017bywio\u0142\u00f3w by\u0142a Wioletta Wojtala. Jej przybocznym by\u0142 Piotr Polok przez 3 miesi\u0105ce, a potem zast\u0105pi\u0142 go Kuku\u0142. Po Wioli dru\u017cynowym \u017bywio\u0142\u00f3w zosta\u0142 dh Rados\u0142aw Sipa wraz z dwojgiem przybocznych &#8211; Michalin\u0105 Wroniszewsk\u0105 i Igorem Ziemnickim. W 2015 roku dru\u017cyn\u0119 przej\u0119\u0142a Michalina Wroniszewska, a w 2017 funkcj\u0119 przybocznego obj\u0105\u0142 Karol Masiarek. Rok p\u00f3\u017aniej do\u0142\u0105czy\u0142a do niego Alicja Mijas na t\u0119 sam\u0105 funkcj\u0119.\u00a0<\/p>\n\n\n\n<div style=\"height:47px\" aria-hidden=\"true\" class=\"wp-block-spacer\"><\/div>\n\n\n\n<p class=\"has-text-align-center has-medium-font-size\"><strong><span class=\"has-inline-color has-vivid-red-color\">Nasza kadra<\/span><\/strong><\/p>\n\n\n\n<div class=\"wp-block-image\"><figure class=\"aligncenter size-large is-resized\"><img loading=\"lazy\" decoding=\"async\" src=\"http:\/\/hzd54.lodzka.zhp.pl\/wp-content\/uploads\/2020\/05\/image0.png\" alt=\"\" class=\"wp-image-164\" width=\"457\" height=\"457\" srcset=\"https:\/\/hzd54.piotrkow.zhp.pl\/wp-content\/uploads\/2020\/05\/image0.png 639w, https:\/\/hzd54.piotrkow.zhp.pl\/wp-content\/uploads\/2020\/05\/image0-300x300.png 300w, https:\/\/hzd54.piotrkow.zhp.pl\/wp-content\/uploads\/2020\/05\/image0-150x150.png 150w\" sizes=\"(max-width: 457px) 100vw, 457px\" \/><\/figure><\/div>\n\n\n\n<p>Dru\u017cynowa och. Alicja Mijas nr tel. 504-009-752. <\/p>\n\n\n\n<p>Przyboczny wyw. Karol Masiarek nr tel.728-797-703<\/p>\n\n\n\n<div style=\"height:34px\" aria-hidden=\"true\" class=\"wp-block-spacer\"><\/div>\n\n\n\n<h3 class=\"has-text-align-center wp-block-heading\"><br><span class=\"has-inline-color has-vivid-red-color\">Obecnie w \u017bywio\u0142ach dzia\u0142a 5 zast\u0119p\u00f3w:<\/span><\/h3>\n\n\n\n<h3 class=\"has-text-align-center wp-block-heading\"><span class=\"has-inline-color has-vivid-red-color\"><strong>Po\u017car<\/strong><\/span><\/h3>\n\n\n\n<div class=\"wp-block-image\"><figure class=\"aligncenter size-large\"><img loading=\"lazy\" decoding=\"async\" width=\"640\" height=\"428\" src=\"http:\/\/hzd54.lodzka.zhp.pl\/wp-content\/uploads\/2020\/05\/image1.jpeg\" alt=\"\" class=\"wp-image-165\" srcset=\"https:\/\/hzd54.piotrkow.zhp.pl\/wp-content\/uploads\/2020\/05\/image1.jpeg 640w, https:\/\/hzd54.piotrkow.zhp.pl\/wp-content\/uploads\/2020\/05\/image1-300x201.jpeg 300w\" sizes=\"(max-width: 640px) 100vw, 640px\" \/><\/figure><\/div>\n\n\n\n<pre class=\"wp-block-verse\">Serdecznie zapraszamy w po\u017caru skromne progi\nby stan\u0105\u0107 na pocz\u0105tku swej harcerskiej drogi&nbsp;\nw naszej dru\u017cynie zacznij sw\u0105 przygod\u0119&nbsp;\ni nie po\u017ca\u0142ujesz, \u017ce stawi\u0142e\u015b tu sw\u0105 nog\u0119\na teraz ja Olivia po\u017caru zast\u0119powa\nje\u017celi jest tu osoba jaka\u015b nowa\nzapraszam do zapoznania\nz zast\u0119pem naszym a jest du\u017co do gadania!\n\nPatatajka-lubi\u0119 zbi\u00f3rki harcerskie\ni tak jak zast\u0119p w kt\u00f3rym &nbsp;jestem kocham scenki\n\nLena-trenuj\u0119 akrobatyk\u0119,\nrzadko opuszczam zbi\u00f3rki \ni niestety mam pecha do r\u00f3\u017cnych ma\u0142ych wypadk\u00f3w. \nJestem r\u00f3wnie\u017c proporcow\u0105 zast\u0119pu\n\nBasia-nasz zast\u0119p jest wspania\u0142y cho\u0107 nie taki ma\u0142y\nja nic szczeg\u00f3lnego w nim nie robi\u0119 \ni tyle mog\u0119 powiedzie\u0107 o sobie&nbsp;\n\nHania-jestem gimnastyczk\u0105 \nw harcerstwie jestem od niedawna \nmam za sob\u0105 kilka wyjazd\u00f3w \ni uwielbiam chodzi\u0107 na zbi\u00f3rki&nbsp;\n\nOliwia- darze kebaby mi\u0142o\u015bci\u0105, \ngram na gitarze uwielbiam \nogl\u0105da\u0107 seriale\na m\u00f3j ulubiony to shadowhunters&nbsp;\n\nAmelka- m\u00f3j ulubiony kolor to niebieski, \nch\u0119tnie rysuje \noraz kocham zwierz\u0119ta a zw\u0142aszcza psy\n\nLavenka-po\u017car to najlepszy zast\u0119p\nja mam szcz\u0119\u015bcie \u017ce nale\u017c\u0119 do niego\ni jestem w nim podzastepow\u0105. \nW moim pokoju \u015bciany s\u0105 r\u00f3\u017cowo-fioletowo-bia\u0142e \nmam super psa&nbsp;\n\nMarysia-r\u00f3wnie\u017c trenuj\u0119 akrobatyk\u0119\nMam dw\u00f3ch braci lubi\u0119 je\u015b\u0107 pizze \n(szczeg\u00f3lnie na zbi\u00f3rkach a to si\u0119 zdarza)\ni mam dobre oceny ale nie lubi\u0119 szko\u0142y.\n\nJagoda- lubi koty \nsama zajmuje si\u0119 dwoma u siebie w domu \nmoje hobby poza harcerstwem to jazda konna \nuwielbiam gra\u0107 w simsy i star stable\n<\/pre>\n\n\n\n<div style=\"height:57px\" aria-hidden=\"true\" class=\"wp-block-spacer\"><\/div>\n\n\n\n<p class=\"has-text-align-center has-medium-font-size\"><strong><span class=\"has-inline-color has-vivid-red-color\">Krzemienie<\/span><\/strong><\/p>\n\n\n\n<div class=\"wp-block-group\"><div class=\"wp-block-group__inner-container is-layout-flow wp-block-group-is-layout-flow\">\n<pre class=\"wp-block-verse\">Krzemienie s\u0105 \" The best \",\nwie o tym nawet pies.\nCh\u0142opcy wspaniali, jak to harcerze, ka\u017cdemu pomog\u0105 zawsze w potrzebie.\nMili, weseli i pomocni\ndla swej dru\u017cyny bardzo \"owocni\".\nS\u0105 przyjacielscy i zawariowani,\nswej pracy zawsze oddani.&nbsp;\nWi\u0119c ZAPRASZAMY w nasze progi\nby pozna\u0107 przygod\u0119 i nasze harcerskie drogi.\nLubimy w\u0119drowa\u0107 i spacerowa\u0107,&nbsp;\na przy tym g\u0142o\u015bno dyskutowa\u0107.\nTa\u0144czymy, \u015bpiewamy,&nbsp; sprawno\u015bci zdajemy\ni nigdy czasu nie marnujemy!<\/pre>\n<\/div><\/div>\n\n\n\n<p><strong>ZAST\u0118POWY:<\/strong> Mateusz&nbsp;<\/p>\n\n\n\n<p><strong>POD.ZAST\u0118POWY: <\/strong>Bartek&nbsp;<\/p>\n\n\n\n<p><strong>PROPORCOWY:<\/strong> Hubert&nbsp;<\/p>\n\n\n\n<p><strong>RESZTA ZAST\u0118PU<\/strong>: Dominik, Maciek, Miko\u0142aj, Antek<\/p>\n\n\n\n<div style=\"height:56px\" aria-hidden=\"true\" class=\"wp-block-spacer\"><\/div>\n\n\n\n<p class=\"has-text-align-center has-medium-font-size\"><span class=\"has-inline-color has-vivid-red-color\"><strong>Sztorm<\/strong><\/span><\/p>\n\n\n\n<figure class=\"wp-block-image size-large\"><img loading=\"lazy\" decoding=\"async\" width=\"768\" height=\"768\" src=\"http:\/\/hzd54.lodzka.zhp.pl\/wp-content\/uploads\/2020\/05\/SZTORM.jpg\" alt=\"\" class=\"wp-image-270\" srcset=\"https:\/\/hzd54.piotrkow.zhp.pl\/wp-content\/uploads\/2020\/05\/SZTORM.jpg 768w, https:\/\/hzd54.piotrkow.zhp.pl\/wp-content\/uploads\/2020\/05\/SZTORM-300x300.jpg 300w, https:\/\/hzd54.piotrkow.zhp.pl\/wp-content\/uploads\/2020\/05\/SZTORM-150x150.jpg 150w, https:\/\/hzd54.piotrkow.zhp.pl\/wp-content\/uploads\/2020\/05\/SZTORM-750x750.jpg 750w\" sizes=\"(max-width: 768px) 100vw, 768px\" \/><\/figure>\n\n\n\n<div style=\"height:50px\" aria-hidden=\"true\" class=\"wp-block-spacer\"><\/div>\n\n\n\n<p class=\"has-text-align-center has-medium-font-size\"><strong><span class=\"has-inline-color has-vivid-red-color\">Velum<\/span><\/strong><\/p>\n\n\n\n<pre class=\"wp-block-verse\">Nasz zast\u0119p to Velum\nI ka\u017cdy o tym wie\nCzy jeste\u015bmy s\u0142abi&nbsp;\nO nie nie nie nie\nMo\u017ce wci\u0105\u017c nie wygrywamy\nLecz nigdy nie przegrywamy\nDo roboty wci\u0105\u017c si\u0119 pchamy\nI te\u017c zawsze pomagamy\nPomo\u017cemy w ka\u017cdej chwili\nNawet tej najci\u0119\u017cszej\nBo to Velum tu pomaga\nZ harcerzy najcz\u0119\u015bciej.\nNasz zast\u0119p to Velum\nI ka\u017cdy i tym wie\nNie jeste\u015bmy s\u0142abi\nO nie nie nie nie<\/pre>\n\n\n\n<div style=\"height:52px\" aria-hidden=\"true\" class=\"wp-block-spacer\"><\/div>\n\n\n\n<p class=\"has-text-align-center has-medium-font-size\"><strong><span class=\"has-inline-color has-vivid-red-color\">Wiatr<\/span><\/strong><\/p>\n\n\n\n<div class=\"wp-block-image\"><figure class=\"aligncenter size-large is-resized\"><img loading=\"lazy\" decoding=\"async\" src=\"http:\/\/hzd54.lodzka.zhp.pl\/wp-content\/uploads\/2020\/05\/image2-576x1024.jpeg\" alt=\"\" class=\"wp-image-167\" width=\"412\" height=\"733\" srcset=\"https:\/\/hzd54.piotrkow.zhp.pl\/wp-content\/uploads\/2020\/05\/image2-576x1024.jpeg 576w, https:\/\/hzd54.piotrkow.zhp.pl\/wp-content\/uploads\/2020\/05\/image2-169x300.jpeg 169w, https:\/\/hzd54.piotrkow.zhp.pl\/wp-content\/uploads\/2020\/05\/image2.jpeg 720w\" sizes=\"(max-width: 412px) 100vw, 412px\" \/><\/figure><\/div>\n\n\n\n<pre class=\"wp-block-verse\">Wiatr to jedyny zast\u0119p z \u017bywio\u0142\u00f3w nie dzia\u0142aj\u0105cy Piotrkowie\nlecz w Sulejowie!\nMimo i\u017c mamy kawa\u0142ek do harc\u00f3wki,\nch\u0119tnie przyje\u017cd\u017camy na zbi\u00f3rki.<\/pre>\n\n\n\n<p><strong>Zast\u0119powa:<\/strong> Ola Rakoczy<\/p>\n\n\n\n<p><strong>Proporcowa: <\/strong>Asia Ko\u0142ek<\/p>\n\n\n\n<p><strong>Reszta zast\u0119pu:<\/strong> Julka Chmielewska<\/p>\n","protected":false},"excerpt":{"rendered":"<p>Czuwaj jeste\u015bmy 54 Piotrkowsk\u0105 dru\u017cyn\u0105 harcersk\u0105 \u017bywio\u0142y im. Andrzeja Romockiego &#8222;MORRO&#8222;, je\u017celi chcesz prze\u017cy\u0107 niesamowit\u0105 harcersk\u0105 przygod\u0119 i znale\u017a\u0107 wspania\u0142ych przyjaci\u00f3\u0142 to zapraszamy Ci\u0119 w ka\u017cd\u0105 sobot\u0119 o godz 9,30 do naszej harc\u00f3wki na ul Wysokiej. \u017bywio\u0142y powsta\u0142y w 2011 roku. Wywodz\u0105 si\u0119 z dw\u00f3ch dru\u017cyn Burza i P\u0142omienie. Pierwsz\u0105 dru\u017cynow\u0105 \u017bywio\u0142\u00f3w by\u0142a Wioletta Wojtala.&hellip;<a href=\"https:\/\/hzd54.piotrkow.zhp.pl\/?page_id=114\" class=\"more-link\">Continue reading <span class=\"screen-reader-text\">\u017bywio\u0142y<\/span><\/a><\/p>\n","protected":false},"author":2,"featured_media":0,"parent":0,"menu_order":0,"comment_status":"closed","ping_status":"closed","template":"","meta":{"footnotes":""},"_links":{"self":[{"href":"https:\/\/hzd54.piotrkow.zhp.pl\/index.php?rest_route=\/wp\/v2\/pages\/114"}],"collection":[{"href":"https:\/\/hzd54.piotrkow.zhp.pl\/index.php?rest_route=\/wp\/v2\/pages"}],"about":[{"href":"https:\/\/hzd54.piotrkow.zhp.pl\/index.php?rest_route=\/wp\/v2\/types\/page"}],"author":[{"embeddable":true,"href":"https:\/\/hzd54.piotrkow.zhp.pl\/index.php?rest_route=\/wp\/v2\/users\/2"}],"replies":[{"embeddable":true,"href":"https:\/\/hzd54.piotrkow.zhp.pl\/index.php?rest_route=%2Fwp%2Fv2%2Fcomments&post=114"}],"version-history":[{"count":8,"href":"https:\/\/hzd54.piotrkow.zhp.pl\/index.php?rest_route=\/wp\/v2\/pages\/114\/revisions"}],"predecessor-version":[{"id":271,"href":"https:\/\/hzd54.piotrkow.zhp.pl\/index.php?rest_route=\/wp\/v2\/pages\/114\/revisions\/271"}],"wp:attachment":[{"href":"https:\/\/hzd54.piotrkow.zhp.pl\/index.php?rest_route=%2Fwp%2Fv2%2Fmedia&parent=114"}],"curies":[{"name":"wp","href":"https:\/\/api.w.org\/{rel}","templated":true}]}}