{"id":22,"date":"2020-04-14T10:50:14","date_gmt":"2020-04-14T10:50:14","guid":{"rendered":"http:\/\/hzd54.lodzka.zhp.pl\/?page_id=22"},"modified":"2020-05-05T20:48:20","modified_gmt":"2020-05-05T20:48:20","slug":"harcowki","status":"publish","type":"page","link":"https:\/\/hzd54.piotrkow.zhp.pl\/?page_id=22","title":{"rendered":"Harc\u00f3wki"},"content":{"rendered":"\n<p class=\"has-text-align-center\"><strong>W Piotrkowie Trybunalskim<\/strong><\/p>\n\n\n\n<div class=\"wp-block-media-text alignwide is-stacked-on-mobile\"><figure class=\"wp-block-media-text__media\"><img loading=\"lazy\" decoding=\"async\" width=\"472\" height=\"1024\" src=\"http:\/\/hzd54.lodzka.zhp.pl\/wp-content\/uploads\/2020\/04\/3-harc-ptb-1-472x1024.jpg\" alt=\"\" class=\"wp-image-27\" srcset=\"https:\/\/hzd54.piotrkow.zhp.pl\/wp-content\/uploads\/2020\/04\/3-harc-ptb-1-472x1024.jpg 472w, https:\/\/hzd54.piotrkow.zhp.pl\/wp-content\/uploads\/2020\/04\/3-harc-ptb-1-138x300.jpg 138w, https:\/\/hzd54.piotrkow.zhp.pl\/wp-content\/uploads\/2020\/04\/3-harc-ptb-1-768x1667.jpg 768w, https:\/\/hzd54.piotrkow.zhp.pl\/wp-content\/uploads\/2020\/04\/3-harc-ptb-1-708x1536.jpg 708w, https:\/\/hzd54.piotrkow.zhp.pl\/wp-content\/uploads\/2020\/04\/3-harc-ptb-1-943x2048.jpg 943w, https:\/\/hzd54.piotrkow.zhp.pl\/wp-content\/uploads\/2020\/04\/3-harc-ptb-1-750x1628.jpg 750w, https:\/\/hzd54.piotrkow.zhp.pl\/wp-content\/uploads\/2020\/04\/3-harc-ptb-1-scaled.jpg 1179w\" sizes=\"(max-width: 472px) 100vw, 472px\" \/><\/figure><div class=\"wp-block-media-text__content\">\n<p>Harc\u00f3wka HZD54 od 1994 roku znajduje si\u0119 na terenie Szko\u0142y Podstawowej nr 3 im. Szarych Szereg\u00f3w w Piotrkowie Trybunalskim przy ulicy Wysokiej 28\/38. To tutaj odbywaj\u0105 si\u0119 cotygodniowe zbi\u00f3rki jak i nocowania naszych dru\u017cyn, gromad i zast\u0119p\u00f3w. Ca\u0142\u0105 harc\u00f3wk\u0119 wype\u0142niaj\u0105 pami\u0105tki, kroniki i nagrody. W 2020 roku harc\u00f3wka zosta\u0142a odnowiona.<\/p>\n\n\n\n<p>Dru\u017cyny i gromady maj\u0105ce tam regularnie zbi\u00f3rki to: Weso\u0142e Ogniki (zuchy) w poniedzia\u0142ki 17-18:30, S\u0142oneczka (zuchy) we wtorki 17-18:30, \u0179r\u00f3d\u0142o (w\u0119drownicy) w pi\u0105tki i \u017bywio\u0142y (harcerze) w soboty.<\/p>\n<\/div><\/div>\n\n\n\n<p><\/p>\n\n\n\n<figure class=\"wp-block-image size-large\"><img loading=\"lazy\" decoding=\"async\" width=\"1024\" height=\"473\" src=\"http:\/\/hzd54.lodzka.zhp.pl\/wp-content\/uploads\/2020\/04\/4-harc-ptb-2-1024x473.jpg\" alt=\"\" class=\"wp-image-28\" srcset=\"https:\/\/hzd54.piotrkow.zhp.pl\/wp-content\/uploads\/2020\/04\/4-harc-ptb-2-1024x473.jpg 1024w, https:\/\/hzd54.piotrkow.zhp.pl\/wp-content\/uploads\/2020\/04\/4-harc-ptb-2-300x139.jpg 300w, https:\/\/hzd54.piotrkow.zhp.pl\/wp-content\/uploads\/2020\/04\/4-harc-ptb-2-768x355.jpg 768w, https:\/\/hzd54.piotrkow.zhp.pl\/wp-content\/uploads\/2020\/04\/4-harc-ptb-2-1536x710.jpg 1536w, https:\/\/hzd54.piotrkow.zhp.pl\/wp-content\/uploads\/2020\/04\/4-harc-ptb-2-2048x947.jpg 2048w, https:\/\/hzd54.piotrkow.zhp.pl\/wp-content\/uploads\/2020\/04\/4-harc-ptb-2-750x347.jpg 750w, https:\/\/hzd54.piotrkow.zhp.pl\/wp-content\/uploads\/2020\/04\/4-harc-ptb-2-scaled.jpg 1920w\" sizes=\"(max-width: 1024px) 100vw, 1024px\" \/><figcaption><br><\/figcaption><\/figure>\n\n\n\n<figure class=\"wp-block-table is-style-regular\"><table><tbody><tr><td>Miesi\u0105c<\/td><td>Grafik &#8211; sprz\u0105tanie harc\u00f3wki<\/td><td>Grafik &#8211; gazetka<\/td><\/tr><tr><td>Marzec<\/td><td>H20<\/td><td>\u017bywio\u0142y<\/td><\/tr><tr><td>Kwiecie\u0144<\/td><td>Aqua<\/td><td>Weso\u0142e Ogniki<\/td><\/tr><tr><td>Maj<\/td><td>Wiatr<\/td><td>\u0179r\u00f3d\u0142o<\/td><\/tr><tr><td>Czerwiec<\/td><td>Po\u017car<\/td><td>S\u0142oneczka<\/td><\/tr><tr><td>Wrzesie\u0144<\/td><td>Krzemienie<\/td><td>\u017bywio\u0142y<\/td><\/tr><tr><td>Pa\u017adziernik<\/td><td>Sztorm<\/td><td>Weso\u0142e Ogniki<\/td><\/tr><tr><td>Listopad<\/td><td>Velum<\/td><td>\u0179r\u00f3d\u0142o<\/td><\/tr><tr><td>Grudzie\u0144<\/td><td>H20<\/td><td>S\u0142oneczka<\/td><\/tr><\/tbody><\/table><\/figure>\n\n\n\n<p class=\"has-text-align-center\"><strong>W Sulejowie <\/strong><\/p>\n\n\n\n<div class=\"wp-block-media-text alignwide is-stacked-on-mobile\"><figure class=\"wp-block-media-text__media\"><img loading=\"lazy\" decoding=\"async\" width=\"576\" height=\"1024\" src=\"http:\/\/hzd54.lodzka.zhp.pl\/wp-content\/uploads\/2020\/04\/5-harc-w-Sul-1-576x1024.jpg\" alt=\"\" class=\"wp-image-29\" srcset=\"https:\/\/hzd54.piotrkow.zhp.pl\/wp-content\/uploads\/2020\/04\/5-harc-w-Sul-1-576x1024.jpg 576w, https:\/\/hzd54.piotrkow.zhp.pl\/wp-content\/uploads\/2020\/04\/5-harc-w-Sul-1-169x300.jpg 169w, https:\/\/hzd54.piotrkow.zhp.pl\/wp-content\/uploads\/2020\/04\/5-harc-w-Sul-1-768x1365.jpg 768w, https:\/\/hzd54.piotrkow.zhp.pl\/wp-content\/uploads\/2020\/04\/5-harc-w-Sul-1-864x1536.jpg 864w, https:\/\/hzd54.piotrkow.zhp.pl\/wp-content\/uploads\/2020\/04\/5-harc-w-Sul-1-1152x2048.jpg 1152w, https:\/\/hzd54.piotrkow.zhp.pl\/wp-content\/uploads\/2020\/04\/5-harc-w-Sul-1-750x1333.jpg 750w, https:\/\/hzd54.piotrkow.zhp.pl\/wp-content\/uploads\/2020\/04\/5-harc-w-Sul-1-scaled.jpg 1440w\" sizes=\"(max-width: 576px) 100vw, 576px\" \/><\/figure><div class=\"wp-block-media-text__content\">\n<p>Harc\u00f3wka w Sulejowie powsta\u0142a w 2012 roku. Znajduje si\u0119 na terenie Szko\u0142y Podstawowej nr 1 im. Jana Paw\u0142a II w Sulejowie, przy ulicy Koneckiej 45.<\/p>\n\n\n\n<p>Odbywaj\u0105 si\u0119 tu zbi\u00f3rki Kolorowych Kredek ( pi\u0105tek 17-18.30) oraz zbi\u00f3rki zast\u0119pu Wiatr.<\/p>\n<\/div><\/div>\n\n\n\n<p><\/p>\n\n\n\n<figure class=\"wp-block-image size-large\"><img loading=\"lazy\" decoding=\"async\" width=\"1024\" height=\"576\" src=\"http:\/\/hzd54.lodzka.zhp.pl\/wp-content\/uploads\/2020\/04\/6-harc-w-Sul-2-1024x576.jpg\" alt=\"\" class=\"wp-image-30\" srcset=\"https:\/\/hzd54.piotrkow.zhp.pl\/wp-content\/uploads\/2020\/04\/6-harc-w-Sul-2-1024x576.jpg 1024w, https:\/\/hzd54.piotrkow.zhp.pl\/wp-content\/uploads\/2020\/04\/6-harc-w-Sul-2-300x169.jpg 300w, https:\/\/hzd54.piotrkow.zhp.pl\/wp-content\/uploads\/2020\/04\/6-harc-w-Sul-2-768x432.jpg 768w, https:\/\/hzd54.piotrkow.zhp.pl\/wp-content\/uploads\/2020\/04\/6-harc-w-Sul-2-1536x864.jpg 1536w, https:\/\/hzd54.piotrkow.zhp.pl\/wp-content\/uploads\/2020\/04\/6-harc-w-Sul-2-2048x1152.jpg 2048w, https:\/\/hzd54.piotrkow.zhp.pl\/wp-content\/uploads\/2020\/04\/6-harc-w-Sul-2-750x422.jpg 750w, https:\/\/hzd54.piotrkow.zhp.pl\/wp-content\/uploads\/2020\/04\/6-harc-w-Sul-2-scaled.jpg 1920w\" sizes=\"(max-width: 1024px) 100vw, 1024px\" \/><\/figure>\n","protected":false},"excerpt":{"rendered":"<p>W Piotrkowie Trybunalskim Harc\u00f3wka HZD54 od 1994 roku znajduje si\u0119 na terenie Szko\u0142y Podstawowej nr 3 im. Szarych Szereg\u00f3w w Piotrkowie Trybunalskim przy ulicy Wysokiej 28\/38. To tutaj odbywaj\u0105 si\u0119 cotygodniowe zbi\u00f3rki jak i nocowania naszych dru\u017cyn, gromad i zast\u0119p\u00f3w. Ca\u0142\u0105 harc\u00f3wk\u0119 wype\u0142niaj\u0105 pami\u0105tki, kroniki i nagrody. W 2020 roku harc\u00f3wka zosta\u0142a odnowiona. Dru\u017cyny i&hellip;<a href=\"https:\/\/hzd54.piotrkow.zhp.pl\/?page_id=22\" class=\"more-link\">Continue reading <span class=\"screen-reader-text\">Harc\u00f3wki<\/span><\/a><\/p>\n","protected":false},"author":2,"featured_media":0,"parent":0,"menu_order":0,"comment_status":"closed","ping_status":"closed","template":"","meta":{"footnotes":""},"_links":{"self":[{"href":"https:\/\/hzd54.piotrkow.zhp.pl\/index.php?rest_route=\/wp\/v2\/pages\/22"}],"collection":[{"href":"https:\/\/hzd54.piotrkow.zhp.pl\/index.php?rest_route=\/wp\/v2\/pages"}],"about":[{"href":"https:\/\/hzd54.piotrkow.zhp.pl\/index.php?rest_route=\/wp\/v2\/types\/page"}],"author":[{"embeddable":true,"href":"https:\/\/hzd54.piotrkow.zhp.pl\/index.php?rest_route=\/wp\/v2\/users\/2"}],"replies":[{"embeddable":true,"href":"https:\/\/hzd54.piotrkow.zhp.pl\/index.php?rest_route=%2Fwp%2Fv2%2Fcomments&post=22"}],"version-history":[{"count":6,"href":"https:\/\/hzd54.piotrkow.zhp.pl\/index.php?rest_route=\/wp\/v2\/pages\/22\/revisions"}],"predecessor-version":[{"id":172,"href":"https:\/\/hzd54.piotrkow.zhp.pl\/index.php?rest_route=\/wp\/v2\/pages\/22\/revisions\/172"}],"wp:attachment":[{"href":"https:\/\/hzd54.piotrkow.zhp.pl\/index.php?rest_route=%2Fwp%2Fv2%2Fmedia&parent=22"}],"curies":[{"name":"wp","href":"https:\/\/api.w.org\/{rel}","templated":true}]}}